{"id":6,"date":"2013-05-10T10:04:37","date_gmt":"2013-05-10T08:04:37","guid":{"rendered":"http:\/\/www.modelklubmb54.cz\/?page_id=6"},"modified":"2025-01-20T19:25:05","modified_gmt":"2025-01-20T18:25:05","slug":"clenove","status":"publish","type":"page","link":"https:\/\/www.modelklubmb54.cz\/?page_id=6","title":{"rendered":"\u010clenov\u00e9 Model klub Mlad\u00e1 Boleslav, p.s."},"content":{"rendered":"\n<figure class=\"wp-block-table\"><table><tbody><tr><td>1<\/td><td>Bene\u0161<\/td><td>Jaroslav<\/td><td><\/td><\/tr><tr><td>2<\/td><td>Bla\u017eek<\/td><td>Luk\u00e1\u0161<\/td><td><\/td><\/tr><tr><td>3<\/td><td>B\u0159\u00edza<\/td><td>Ji\u0159\u00ed<\/td><td><\/td><\/tr><tr><td>4<\/td><td>Byd\u017eovsk\u00fd<\/td><td>David<\/td><td>(KRK*)<\/td><\/tr><tr><td>5<\/td><td>D\u011bdek<\/td><td>Ji\u0159\u00ed<\/td><td><\/td><\/tr><tr><td>6<\/td><td>Faltus Ing.<\/td><td>Petr<\/td><td><\/td><\/tr><tr><td>7<\/td><td>H\u00e1jek Ing.<\/td><td>V\u011broslav<\/td><td><\/td><\/tr><tr><td>8<\/td><td>Hirn\u0161al<\/td><td>Pavel<\/td><td><\/td><\/tr><tr><td>9<\/td><td>Hradisk\u00fd Ing.<\/td><td>Zden\u011bk<\/td><td><\/td><\/tr><tr><td>10<\/td><td>H\u00fdsek<\/td><td>Richard<\/td><td><\/td><\/tr><tr><td>11<\/td><td>H\u00fdsek<\/td><td>\u0160t\u011bp\u00e1n<\/td><td><\/td><\/tr><tr><td>12<\/td><td>Chmel\u00edk<\/td><td>Jaroslav<\/td><td><\/td><\/tr><tr><td>13<\/td><td>Jare\u0161<\/td><td>Tom\u00e1\u0161<\/td><td>(pokladn\u00edk, \u010dlen v\u00fdboru)<\/td><\/tr><tr><td>14<\/td><td>Kol\u00e1\u0159<\/td><td>Martin<\/td><td><\/td><\/tr><tr><td>15<\/td><td>Vojt\u00ed\u0161ek<\/td><td>Vlastislav<\/td><td><\/td><\/tr><tr><td>16<\/td><td>Kotera<\/td><td>Jan<\/td><td><\/td><\/tr><tr><td>17<\/td><td>Kova\u010dik<\/td><td>Ladislav<\/td><td><\/td><\/tr><tr><td>18<\/td><td>Kram\u00e1\u0159<\/td><td>Ji\u0159\u00ed<\/td><td><\/td><\/tr><tr><td>19<\/td><td>Kr\u00e1mek<\/td><td>Zbyn\u011bk<\/td><td><\/td><\/tr><tr><td>20<\/td><td>Kr\u016fta<\/td><td>V\u00e1clav<\/td><td><\/td><\/tr><tr><td>21<\/td><td>Kupec<\/td><td>Pavel<\/td><td><\/td><\/tr><tr><td>22<\/td><td>M\u00e1dlo<\/td><td>Karel<\/td><td><\/td><\/tr><tr><td>23<\/td><td>Mucek<\/td><td>Stanislav<\/td><td>(KRK*)<\/td><\/tr><tr><td>24<\/td><td>Musil<\/td><td>Milo\u0161<\/td><td>(\u010dlen v\u00fdboru)<\/td><\/tr><tr><td>25<\/td><td>Musil<\/td><td>Josef<\/td><td><\/td><\/tr><tr><td>26<\/td><td>Nagy<\/td><td>Vladim\u00edr<\/td><td><\/td><\/tr><tr><td>27<\/td><td>Ne\u010d\u00e1sek<\/td><td>Jakub<\/td><td><\/td><\/tr><tr><td>28<\/td><td>Novotn\u00fd<\/td><td>Pavel<\/td><td><\/td><\/tr><tr><td>29<\/td><td>Pavly\u010duk<\/td><td>Vasyl<\/td><td>(\u010dlen v\u00fdboru)<\/td><\/tr><tr><td>30<\/td><td>Pelik\u00e1n<\/td><td>Petr<\/td><td><\/td><\/tr><tr><td>31<\/td><td>Proke\u0161<\/td><td>Jan<\/td><td><\/td><\/tr><tr><td>32<\/td><td>Prskavec<\/td><td>Petr<\/td><td><\/td><\/tr><tr><td>33<\/td><td>Radhousk\u00fd Ing.<\/td><td>Pavel<\/td><td><\/td><\/tr><tr><td>34<\/td><td>Rudolf&nbsp; Ing.<\/td><td>Tom\u00e1\u0161<\/td><td><\/td><\/tr><tr><td>35<\/td><td>Sou\u010dek<\/td><td>Tom\u00e1\u0161<\/td><td>(m\u00edstop\u0159edseda klubu, \u010dlen v\u00fdboru)<\/td><\/tr><tr><td>36<\/td><td>\u0160umichrast<\/td><td>Milan<\/td><td><\/td><\/tr><tr><td>37<\/td><td>V\u00e1vra&nbsp;<\/td><td>Vladim\u00edr<\/td><td><\/td><\/tr><tr><td>38<\/td><td>V\u00e1vra Ing.<\/td><td>Kv\u011btoslav<\/td><td><\/td><\/tr><tr><td>39<\/td><td>Z\u00f6rkler&nbsp;<\/td><td>Viktor<\/td><td><\/td><\/tr><tr><td>40<\/td><td><strong>Z\u00f6rkler\u00a0<\/strong><\/td><td><strong>Tom\u00e1\u0161<\/strong><\/td><td><strong>(p\u0159edseda klubu)<\/strong><\/td><\/tr><tr><td><\/td><td><\/td><td><\/td><td><\/td><\/tr><tr><td><\/td><td><\/td><td><\/td><td><\/td><\/tr><tr><td>Junio\u0159i:<\/td><td><\/td><td><\/td><\/tr><tr><td>41<\/td><td>Z\u00f6rkler&nbsp;&nbsp;<\/td><td>Kry\u0161tof<\/td><td><\/td><\/tr><tr><td><\/td><td><\/td><td><\/td><td><\/td><\/tr><tr><td><\/td><td><\/td><td><\/td><td><\/td><\/tr><tr><td>* KRK \u2013 kontroln\u00ed a revizn\u00ed komise<\/td><td><\/td><\/tr><\/tbody><\/table><\/figure>\n\n\n\n<p>aktualizace: 20.01.2025<\/p>\n","protected":false},"excerpt":{"rendered":"<p>1 Bene\u0161 Jaroslav 2 Bla\u017eek Luk\u00e1\u0161 3 B\u0159\u00edza Ji\u0159\u00ed 4 Byd\u017eovsk\u00fd David (KRK*) 5 D\u011bdek Ji\u0159\u00ed 6 Faltus Ing. Petr 7 H\u00e1jek Ing. V\u011broslav 8 Hirn\u0161al Pavel 9 Hradisk\u00fd Ing. Zden\u011bk 10 H\u00fdsek Richard 11 H\u00fdsek \u0160t\u011bp\u00e1n 12 Chmel\u00edk Jaroslav &hellip; <a href=\"https:\/\/www.modelklubmb54.cz\/?page_id=6\">Cel\u00fd p\u0159\u00edsp\u011bvek <span class=\"meta-nav\">&rarr;<\/span><\/a><\/p>\n","protected":false},"author":2,"featured_media":0,"parent":0,"menu_order":2,"comment_status":"closed","ping_status":"closed","template":"sidebar-page.php","meta":{"_bbp_topic_count":0,"_bbp_reply_count":0,"_bbp_total_topic_count":0,"_bbp_total_reply_count":0,"_bbp_voice_count":0,"_bbp_anonymous_reply_count":0,"_bbp_topic_count_hidden":0,"_bbp_reply_count_hidden":0,"_bbp_forum_subforum_count":0,"_s2mail":"yes","spay_email":""},"jetpack_sharing_enabled":false,"_links":{"self":[{"href":"https:\/\/www.modelklubmb54.cz\/index.php?rest_route=\/wp\/v2\/pages\/6"}],"collection":[{"href":"https:\/\/www.modelklubmb54.cz\/index.php?rest_route=\/wp\/v2\/pages"}],"about":[{"href":"https:\/\/www.modelklubmb54.cz\/index.php?rest_route=\/wp\/v2\/types\/page"}],"author":[{"embeddable":true,"href":"https:\/\/www.modelklubmb54.cz\/index.php?rest_route=\/wp\/v2\/users\/2"}],"replies":[{"embeddable":true,"href":"https:\/\/www.modelklubmb54.cz\/index.php?rest_route=%2Fwp%2Fv2%2Fcomments&post=6"}],"version-history":[{"count":66,"href":"https:\/\/www.modelklubmb54.cz\/index.php?rest_route=\/wp\/v2\/pages\/6\/revisions"}],"predecessor-version":[{"id":4309,"href":"https:\/\/www.modelklubmb54.cz\/index.php?rest_route=\/wp\/v2\/pages\/6\/revisions\/4309"}],"wp:attachment":[{"href":"https:\/\/www.modelklubmb54.cz\/index.php?rest_route=%2Fwp%2Fv2%2Fmedia&parent=6"}],"curies":[{"name":"wp","href":"https:\/\/api.w.org\/{rel}","templated":true}]}}