{"id":130,"date":"2013-05-11T21:54:56","date_gmt":"2013-05-11T19:54:56","guid":{"rendered":"http:\/\/www.modelklubmb54.cz\/?page_id=130"},"modified":"2018-03-26T21:56:06","modified_gmt":"2018-03-26T19:56:06","slug":"video","status":"publish","type":"page","link":"https:\/\/www.modelklubmb54.cz\/?page_id=130","title":{"rendered":"Video"},"content":{"rendered":"<p><a href=\"http:\/\/www.youtube.com\/user\/rcmodelmb\/videos?view=0\" target=\"_blank\" rel=\"noopener\">Videa nejen leteck\u00fdch model\u00e1\u0159\u016f z Mlad\u00e9 Boleslavi a okol\u00ed na Youtube<\/a><\/p>\n<p>Vybran\u00e1 videa:<\/p>\n<p>Zav\u00edr\u00e1n\u00ed nebe 2017<\/p>\n<p><span class=\"embed-youtube\" style=\"text-align:center; display: block;\"><iframe loading=\"lazy\" class=\"youtube-player\" width=\"584\" height=\"329\" src=\"https:\/\/www.youtube.com\/embed\/aGkgOGwuzo4?version=3&#038;rel=1&#038;showsearch=0&#038;showinfo=1&#038;iv_load_policy=1&#038;fs=1&#038;hl=cs-CZ&#038;autohide=2&#038;wmode=transparent\" allowfullscreen=\"true\" style=\"border:0;\" sandbox=\"allow-scripts allow-same-origin allow-popups allow-presentation\"><\/iframe><\/span><\/p>\n<p>Hofman Cup 2017<\/p>\n<p><span class=\"embed-youtube\" style=\"text-align:center; display: block;\"><iframe loading=\"lazy\" class=\"youtube-player\" width=\"584\" height=\"329\" src=\"https:\/\/www.youtube.com\/embed\/PUhKpdUYQZU?version=3&#038;rel=1&#038;showsearch=0&#038;showinfo=1&#038;iv_load_policy=1&#038;fs=1&#038;hl=cs-CZ&#038;autohide=2&#038;start=1&#038;wmode=transparent\" allowfullscreen=\"true\" style=\"border:0;\" sandbox=\"allow-scripts allow-same-origin allow-popups allow-presentation\"><\/iframe><\/span><\/p>\n<p>Hofman Cup 2017 &#8211; bonus video<\/p>\n<p><span class=\"embed-youtube\" style=\"text-align:center; display: block;\"><iframe loading=\"lazy\" class=\"youtube-player\" width=\"584\" height=\"329\" src=\"https:\/\/www.youtube.com\/embed\/IZ8uRxX3FIs?version=3&#038;rel=1&#038;showsearch=0&#038;showinfo=1&#038;iv_load_policy=1&#038;fs=1&#038;hl=cs-CZ&#038;autohide=2&#038;wmode=transparent\" allowfullscreen=\"true\" style=\"border:0;\" sandbox=\"allow-scripts allow-same-origin allow-popups allow-presentation\"><\/iframe><\/span><\/p>\n<p>Pozv\u00e1nka HC 2017<\/p>\n<!--[if lt IE 9]><script>document.createElement('video');<\/script><![endif]-->\n\t<div class=\"wp-playlist wp-video-playlist wp-playlist-light\">\n\t\t<video controls=\"controls\" preload=\"none\" width=\"562\"\n\t\t height=\"316\"\t><\/video>\n\t<div class=\"wp-playlist-next\"><\/div>\n\t<div class=\"wp-playlist-prev\"><\/div>\n\t<noscript>\n\t<ol>\n\t\t<li><a href='https:\/\/www.modelklubmb54.cz\/wp-content\/uploads\/2017\/07\/Pozv\u00e1nka-HC_HD.mp4'>Pozv\u00e1nka HC_HD<\/a><\/li>\t<\/ol>\n\t<\/noscript>\n\t<script type=\"application\/json\" class=\"wp-playlist-script\">{\"type\":\"video\",\"tracklist\":true,\"tracknumbers\":true,\"images\":true,\"artists\":true,\"tracks\":[{\"src\":\"https:\\\/\\\/www.modelklubmb54.cz\\\/wp-content\\\/uploads\\\/2017\\\/07\\\/Pozv\\u00e1nka-HC_HD.mp4\",\"type\":\"video\\\/mp4\",\"title\":\"Pozv\\u00e1nka HC_HD\",\"caption\":\"\",\"description\":\"\",\"meta\":{\"length_formatted\":\"1:50\"},\"dimensions\":{\"original\":{\"width\":1280,\"height\":720},\"resized\":{\"width\":562,\"height\":316}},\"image\":{\"src\":\"https:\\\/\\\/www.modelklubmb54.cz\\\/wp-includes\\\/images\\\/media\\\/video.png\",\"width\":48,\"height\":64},\"thumb\":{\"src\":\"https:\\\/\\\/www.modelklubmb54.cz\\\/wp-includes\\\/images\\\/media\\\/video.png\",\"width\":48,\"height\":64}}]}<\/script>\n<\/div>\n\t\n<p>Staudacher\u00a0S-300 3m (118&#8243;)<br \/>\n<iframe loading=\"lazy\" src=\"http:\/\/www.youtube.com\/embed\/Z1vfegtYXWs?rel=0\" width=\"853\" height=\"480\" frameborder=\"0\" allowfullscreen=\"allowfullscreen\"><\/iframe><\/p>\n<p>RC Airplane with Parachutist &#8211; SKY DIVER TEAM Mlad\u00e1 Boleslav<br \/>\n<iframe loading=\"lazy\" src=\"http:\/\/www.youtube.com\/embed\/GlKq22cXLVA?rel=0\" width=\"853\" height=\"480\" frameborder=\"0\" allowfullscreen=\"allowfullscreen\"><\/iframe><\/p>\n<p>Hovering Drone UFO tricopter<br \/>\n<iframe loading=\"lazy\" src=\"http:\/\/www.youtube.com\/embed\/St1GPchVqhw?rel=0\" width=\"640\" height=\"480\" frameborder=\"0\" allowfullscreen=\"allowfullscreen\"><\/iframe><\/p>\n<p>Aircraft Taylorcraft 450 ARF E-flite<br \/>\n<iframe loading=\"lazy\" src=\"http:\/\/www.youtube.com\/embed\/ScUXlG1dbLg?rel=0\" width=\"853\" height=\"480\" frameborder=\"0\" allowfullscreen=\"allowfullscreen\"><\/iframe><\/p>\n<p>T-REX HK450 hovering great, very stable<br \/>\n<iframe loading=\"lazy\" src=\"http:\/\/www.youtube.com\/embed\/W9LfRLKjs8E?rel=0\" width=\"853\" height=\"480\" frameborder=\"0\" allowfullscreen=\"allowfullscreen\"><\/iframe><\/p>\n<p>Helicopter Homemade<br \/>\n<iframe loading=\"lazy\" src=\"http:\/\/www.youtube.com\/embed\/OVPRo7sXSbg?rel=0\" width=\"640\" height=\"480\" frameborder=\"0\" allowfullscreen=\"allowfullscreen\"><\/iframe><\/p>\n<p>LED UFO Wing SWIFT &#8211; Night Flying<br \/>\n<iframe loading=\"lazy\" src=\"http:\/\/www.youtube.com\/embed\/tzSDWNHg80U?rel=0\" width=\"640\" height=\"480\" frameborder=\"0\" allowfullscreen=\"allowfullscreen\"><\/iframe><\/p>\n<p>Wing &#8211; Flying at Sunset<br \/>\n<iframe loading=\"lazy\" src=\"http:\/\/www.youtube.com\/embed\/9T2zOic2_PY?rel=0\" width=\"853\" height=\"480\" frameborder=\"0\" allowfullscreen=\"allowfullscreen\"><\/iframe><\/p>\n<p>Airplane Slow Flyer Polatouche Homemade<br \/>\n<iframe loading=\"lazy\" src=\"http:\/\/www.youtube.com\/embed\/s4PICO21_fA?rel=0\" width=\"640\" height=\"480\" frameborder=\"0\" allowfullscreen=\"allowfullscreen\"><\/iframe><\/p>\n<p>Glider SURIKATA Reichard<br \/>\n<iframe loading=\"lazy\" src=\"http:\/\/www.youtube.com\/embed\/JxgbSvdAYKg?rel=0\" width=\"640\" height=\"480\" frameborder=\"0\" allowfullscreen=\"allowfullscreen\"><\/iframe><\/p>\n<p>Airplane Diablo 3D<br \/>\n<iframe loading=\"lazy\" src=\"http:\/\/www.youtube.com\/embed\/qSIx1Pe9J3U?rel=0\" width=\"640\" height=\"480\" frameborder=\"0\" allowfullscreen=\"allowfullscreen\"><\/iframe><\/p>\n<p>Pat a Mat &#8211; Specialists for boats &#8211; Killers<br \/>\n<iframe loading=\"lazy\" src=\"http:\/\/www.youtube.com\/embed\/Ayp1-ufgvEg?rel=0\" width=\"853\" height=\"480\" frameborder=\"0\" allowfullscreen=\"allowfullscreen\"><\/iframe><\/p>\n<p>Prvn\u00ed rozt\u0159esen\u00e9 video z brig\u00e1dy na leti\u0161ti Bradlec<br \/>\n<iframe loading=\"lazy\" src=\"http:\/\/www.youtube.com\/embed\/dpWOA4V55_E?rel=0\" width=\"640\" height=\"480\" frameborder=\"0\" allowfullscreen=\"allowfullscreen\"><\/iframe><\/p>\n","protected":false},"excerpt":{"rendered":"<p>Videa nejen leteck\u00fdch model\u00e1\u0159\u016f z Mlad\u00e9 Boleslavi a okol\u00ed na Youtube Vybran\u00e1 videa: Zav\u00edr\u00e1n\u00ed nebe 2017 Hofman Cup 2017 Hofman Cup 2017 &#8211; bonus video Pozv\u00e1nka HC 2017 Staudacher\u00a0S-300 3m (118&#8243;) RC Airplane with Parachutist &#8211; SKY DIVER TEAM Mlad\u00e1 &hellip; <a href=\"https:\/\/www.modelklubmb54.cz\/?page_id=130\">Cel\u00fd p\u0159\u00edsp\u011bvek <span class=\"meta-nav\">&rarr;<\/span><\/a><\/p>\n","protected":false},"author":3,"featured_media":0,"parent":0,"menu_order":6,"comment_status":"closed","ping_status":"closed","template":"sidebar-page.php","meta":{"_bbp_topic_count":0,"_bbp_reply_count":0,"_bbp_total_topic_count":0,"_bbp_total_reply_count":0,"_bbp_voice_count":0,"_bbp_anonymous_reply_count":0,"_bbp_topic_count_hidden":0,"_bbp_reply_count_hidden":0,"_bbp_forum_subforum_count":0,"_s2mail":"yes","spay_email":""},"jetpack_sharing_enabled":true,"_links":{"self":[{"href":"https:\/\/www.modelklubmb54.cz\/index.php?rest_route=\/wp\/v2\/pages\/130"}],"collection":[{"href":"https:\/\/www.modelklubmb54.cz\/index.php?rest_route=\/wp\/v2\/pages"}],"about":[{"href":"https:\/\/www.modelklubmb54.cz\/index.php?rest_route=\/wp\/v2\/types\/page"}],"author":[{"embeddable":true,"href":"https:\/\/www.modelklubmb54.cz\/index.php?rest_route=\/wp\/v2\/users\/3"}],"replies":[{"embeddable":true,"href":"https:\/\/www.modelklubmb54.cz\/index.php?rest_route=%2Fwp%2Fv2%2Fcomments&post=130"}],"version-history":[{"count":22,"href":"https:\/\/www.modelklubmb54.cz\/index.php?rest_route=\/wp\/v2\/pages\/130\/revisions"}],"predecessor-version":[{"id":2718,"href":"https:\/\/www.modelklubmb54.cz\/index.php?rest_route=\/wp\/v2\/pages\/130\/revisions\/2718"}],"wp:attachment":[{"href":"https:\/\/www.modelklubmb54.cz\/index.php?rest_route=%2Fwp%2Fv2%2Fmedia&parent=130"}],"curies":[{"name":"wp","href":"https:\/\/api.w.org\/{rel}","templated":true}]}}